 and a.
17
Suppose 0 = 2*w + 5*m - 351, 2*w - 10*m + 12*m - 342 = 0. What is the highest common factor of w and 48?
24
Let w = -191 + 207. Calculate the greatest common divisor of w and 688.
16
Suppose -2*l - 3*l + 2*f - 133 = 0, 13 = -l - 3*f. Let p = -23 - l. What is the greatest common factor of p and 3?
1
Let b be (-15)/(-180) + (-4174)/(-24). What is the highest common divisor of b and 29?
29
Suppose -5*r = b - 16, -8*b = -4*b - 4*r - 136. Calculate the greatest common factor of 4 and b.
1
Suppose 7*c = 63 + 49. What is the highest common factor of 18 and c?
2
Suppose -5*d + 8 = -f, -5*d - 10 = -30. Suppose 5*u - c = -0*u + 299, 2*c + 238 = 4*u. What is the highest common divisor of u and f?
12
Let x be (-3 + -2 + 4)/(4/(-28)). What is the highest common factor of 7 and x?
7
Suppose -2201 + 352 = -4*z + 5*d, 0 = -5*z - 4*d + 2260. What is the greatest common factor of z and 24?
24
Let w be (-1146)/(-10) + 4/10. Let z = -533 - -579. Calculate the greatest common factor of w and z.
23
Let q(n) be the first derivative of 19*n**3/3 - 3*n**2 - 13*n + 20. Let o be q(-4). What is the greatest common factor of 45 and o?
45
Suppose -81 = -3*j + 117. Let g be 14 - 25 - -7 - 169/(-1). What is the highest common factor of g and j?
33
Suppose 2*j - 129 = -3*x - 0*x, 315 = 5*j + 5*x. What is the greatest common factor of 150 and j?
30
Suppose -7 = 5*b - 97. Suppose 1 = -u - 4*w - 39, 4*w = 5*u + 104. Let k be u/(-15) + 6/15. What is the greatest common divisor of b and k?
2
Suppose 5*a + 3*m - 7101 = 0, a - 5*m - 769 - 640 = 0. Calculate the greatest common factor of 129 and a.
129
Suppose -r + 225 = l, 2*l - 3*l + 221 = 3*r. Suppose 6*q - l = -4*m + 7*q, 0 = -5*q + 5. Calculate the greatest common factor of m and 3.
3
Let p(t) = -15*t**3 - 2*t**2 - 2*t - 4. Let y be p(-2). Calculate the greatest common factor of y and 16.
16
Suppose -1089 = -173*b + 162*b. Calculate the highest common divisor of b and 561.
33
Suppose -52*u + 936 = -39*u. What is the greatest common divisor of u and 120?
24
Let a = 975 + -930. Calculate the greatest common factor of 195 and a.
15
Suppose -11*y - y = -60. Let g(q) = 2*q**2 + 2*q. Let s be g(-5). What is the greatest common factor of y and s?
5
Let a(r) = r**3 - r. Let t(k) = -3*k**3 - 8*k**2 + 15*k - 29. Let i(x) = -4*a(x) - t(x). Let v be i(5). Calculate the highest common divisor of v and 7.
7
Suppose 0 = 82*l - 1742 - 1866. Calculate the greatest common factor of 319 and l.
11
Suppose -21*a + 23 - 2 = 0. Let p be 57*((a - 1) + 3). Calculate the highest common factor of 19 and p.
19
Let w be (-1)/2 - (-97)/2. Suppose w = 2*l - 0*l. Let b(y) = -y**3 - 27*y**2 - 35*y + 387. Let d be b(-25). Calculate the highest common divisor of l and d.
12
Let g be (-5)/(13 - 3)*-38. Calculate the highest common divisor of 95 and g.
19
Suppose -2*b - 2*f = -18, 3*b - f - 57 = -2*b. Suppose 2 - b = 3*p. Let z = p + 11. Calculate the greatest common factor of 1 and z.
1
Let d be 42/28 + (-57)/(-2). What is the greatest common divisor of d and 50?
10
Let i(t) = t**3 + 5*t**2 + 7*t + 4. Let g be 14/7 - (-4)/(-3 + 2). Let m be i(g). What is the highest common factor of m and 2?
2
Let k(i) = -3*i - 91. Let z be k(-31). What is the greatest common factor of z and 262?
2
Let x = 121 - 127. Let t be (39/x)/((-9)/108). Suppose -2*v + 23 = g - 5*v, 0 = -5*v + 5. Calculate the greatest common factor of t and g.
26
Let x(a) = -2*a + 9 - 18 - 6. Let y be x(-14). Calculate the greatest common factor of 208 and y.
13
Suppose -5*p - 3*x + 12407 = 0, -p + 86*x - 88*x = -2480. Calculate the highest common divisor of p and 146.
146
Suppose 3801*v - 3795*v = 810. What is the greatest common factor of 360 and v?
45
Let m(i) = i**3 + 22*i**2 - 2. Let r be m(-22). Let k be 10 + 0/2 + r. Calculate the highest common factor of k and 2.
2
Let k be -4 - ((4 - 22) + 4). Suppose -5*w - 5*q + 0 + 5 = 0, 4*w = q + 9. Suppose 3*g - k = w*g. Calculate the highest common factor of g and 5.
5
Let k(l) = 38*l**2 - 2*l - 7. Let b be k(-3). Calculate the greatest common factor of b and 62.
31
Let l(i) = 2*i**3 - 2*i**2 + 2*i + 1. Let m be l(-2). Let y be -2*1*(174/(-12) + 0). Let h = y + m. Calculate the highest common divisor of h and 12.
2
Suppose 511 = 12*q - 5*q. Let f = 85 - q. What is the greatest common divisor of f and 24?
12
Suppose -4*y - 3*b + 1189 - 430 = 0, -752 = -4*y + 4*b. Calculate the highest common divisor of y and 126.
63
Suppose 5*m - 16 = 3*s - s, 4*m = -2*s + 2. Let g be 2*m - (14 + -13). Let i be 455/28 - g/12. Calculate the greatest common divisor of 8 and i.
8
Let m = -68 + 103. Let h = -73 + 27. Let r = -32 - h. What is the greatest common divisor of m and r?
7
Suppose 0 = -7*g - 1681 + 4075. What is the highest common divisor of 18 and g?
18
Let c(l) = -l**2 + 17*l - 22. Let i be c(13). Calculate the greatest common divisor of 45 and i.
15
Let u = 5 + 27. What is the greatest common divisor of u and 16?
16
Let c(g) = -28 - g**3 + 51 + 14*g - 23 + 5*g**2. Let r be c(6). Calculate the highest common divisor of 6 and r.
6
Let l(f) = f**2 + 2*f - 6. Let i be l(2). Let r(t) = t**2 + 4*t - 3. Let w be r(i). What is the greatest common divisor of w and 9?
9
Let b be ((-68 + 4)/4)/(-2). Let r = 7 + -2. Suppose -a = -r*a + 128. What is the greatest common factor of a and b?
8
Let q = -840 + 936. What is the highest common divisor of 1416 and q?
24
Let s = 33 - -30. What is the highest common divisor of 168 and s?
21
Suppose -4*r + 568 + 284 = 0. What is the highest common factor of 3 and r?
3
Suppose 2*u - l - l - 2 = 0, -3*l + 9 = 3*u. Suppose -o + 5 = 2*a, -a + 2*a - u*o - 5 = 0. What is the greatest common divisor of a and 1?
1
Suppose 4*h - 20 = -4*a, -6*h + 2*h + a + 15 = 0. Suppose -h*k = 4*k - 144. Calculate the highest common divisor of k and 54.
18
Suppose -q - 25 = -6*q. Suppose -c - 96 = -q*c. What is the greatest common divisor of 120 and c?
24
Let x be 3528/(-30) + 4/(-10) - 2. Let c be (-6800)/x + (-2)/6*2. What is the highest common divisor of c and 7?
7
Let i be (-6)/(-18) + 0 + (-158)/6. Let o = i + 36. Let f(s) = -s**3 + 5*s**2 - 2*s + 2. Let r be f(2). What is the greatest common factor of r and o?
10
Suppose 6*n - 2*n = 2*j + 54, 21 = n - 3*j. Calculate the highest common factor of 28 and n.
4
Let m = -83 + 116. Suppose -2*t + 4*t + 74 = 0. Let v = -15 - t. Calculate the highest common divisor of v and m.
11
Let w = 247 - 117. Suppose -i + 5*m + w = 0, -2*m = -4*i - 7*m + 570. What is the greatest common divisor of 35 and i?
35
Suppose 0 = -45*c + 49*c - 828. What is the highest common factor of c and 483?
69
Let x(o) = -4*o**2 + 2*o + 9. Let n be x(-8). Let v = n - -846. Calculate the highest common divisor of v and 53.
53
Suppose 5*k + 150 = 8*k. Calculate the highest common factor of 15 and k.
5
Suppose -41*t = -6135 + 1461. What is the highest common divisor of t and 12?
6
Let t be 5 - 4 - (-2)/1. Suppose -t*y + 384 = 24. Let l be (-2)/(-8) + y/32. What is the highest common factor of 4 and l?
4
Let q(v) be the third derivative of 5*v**4/12 - 2*v**3/3 - 11*v**2. Let b be q(3). Calculate the highest common divisor of b and 13.
13
Let f(i) = i**3 - 16*i**2 + 17*i + 17. Let a be f(15). Calculate the greatest common factor of 470 and a.
47
Suppose 9*n + 384 = 600. Calculate the highest common factor of 3072 and n.
24
Suppose -2*x + 215 = u, -x - 28*u = -27*u - 105. Calculate the highest common divisor of x and 176.
22
Let i be (196/245)/(3/660). Calculate the highest common divisor of i and 12.
4
Let f(z) = -41*z - 205. Let g be f(-6). Calculate the highest common divisor of 5 and g.
1
Suppose -2*y - 5*i = -3*i - 74, 1 = i. What is the highest common divisor of y and 204?
12
Let d be ((-11)/2 - -5)/(1/(-16)). Suppose -o - 5*t + d = -4*t, -32 = -4*o - t. Calculate the greatest common factor of 24 and o.
8
Suppose -12 - 4 = -4*m, 0 = -3*i + m + 176. What is the greatest common factor of i and 30?
30
Let l be (-4)/6 - (-1608)/36. Suppose 3*z = -z - l. Let k be z/(-4)*(19 - -13). What is the greatest common divisor of 8 and k?
8
Suppose -13 = -l + 6. Let x = 92 + -43. Let i be (-268)/(-14) - 7/x. What is the highest common factor of l and i?
19
Suppose 14*u - 4817 = -1037. Suppose -u = 18*j - 23*j. Suppose -s + 30 = 4*s. Calculate th